1553?
27
What is the remainder when 36101 is divided by 68?
61
Calculate the remainder when 98297 is divided by 20.
17
What is the remainder when 18292 is divided by 306?
238
What is the remainder when 29541 is divided by 5323?
2926
What is the remainder when 14695 is divided by 372?
187
What is the remainder when 92724 is divided by 5?
4
What is the remainder when 229 is divided by 217?
12
Calculate the remainder when 637 is divided by 122.
27
Calculate the remainder when 3466 is divided by 1339.
788
Calculate the remainder when 8384 is divided by 42.
26
Calculate the remainder when 1796 is divided by 851.
94
What is the remainder when 23618 is divided by 93?
89
Calculate the remainder when 9446 is divided by 633.
584
Calculate the remainder when 30550 is divided by 15268.
14
What is the remainder when 332064 is divided by 164?
128
Calculate the remainder when 19672 is divided by 4905.
52
What is the remainder when 2253 is divided by 748?
9
What is the remainder when 7770 is divided by 67?
65
What is the remainder when 18647 is divided by 153?
134
Calculate the remainder when 1263 is divided by 377.
132
Calculate the remainder when 15161 is divided by 1704.
1529
What is the remainder when 25092 is divided by 1877?
691
Calculate the remainder when 507409 is divided by 576.
529
Calculate the remainder when 73475 is divided by 301.
31
What is the remainder when 509869 is divided by 11?
8
What is the remainder when 182767 is divided by 15?
7
Calculate the remainder when 946 is divided by 836.
110
What is the remainder when 10794 is divided by 10775?
19
What is the remainder when 55162 is divided by 1912?
1626
What is the remainder when 26192 is divided by 524?
516
What is the remainder when 2146 is divided by 209?
56
Calculate the remainder when 6847 is divided by 1352.
87
Calculate the remainder when 9288 is divided by 85.
23
What is the remainder when 4242 is divided by 226?
174
Calculate the remainder when 698 is divided by 297.
104
What is the remainder when 1444 is divided by 1050?
394
What is the remainder when 6297 is divided by 3138?
21
What is the remainder when 962 is divided by 332?
298
What is the remainder when 19713 is divided by 1157?
44
What is the remainder when 3490 is divided by 692?
30
Calculate the remainder when 1193 is divided by 1068.
125
What is the remainder when 97068 is divided by 319?
92
Calculate the remainder when 92813 is divided by 3200.
13
Calculate the remainder when 8989 is divided by 26.
19
Calculate the remainder when 94710 is divided by 198.
66
Calculate the remainder when 321660 is divided by 64331.
5
Calculate the remainder when 148202 is divided by 134.
132
Calculate the remainder when 358 is divided by 60.
58
What is the remainder when 365699 is divided by 53?
52
Calculate the remainder when 1296 is divided by 186.
180
Calculate the remainder when 400 is divided by 133.
1
What is the remainder when 17768 is divided by 23?
12
Calculate the remainder when 35201 is divided by 467.
176
What is the remainder when 27235 is divided by 7?
5
What is the remainder when 65140 is divided by 282?
280
Calculate the remainder when 3508 is divided by 233.
13
What is the remainder when 380111 is divided by 106?
101
What is the remainder when 19253 is divided by 2133?
56
What is the remainder when 15268 is divided by 4715?
1123
Calculate the remainder when 8966 is divided by 272.
262
What is the remainder when 23926 is divided by 460?
6
Calculate the remainder when 312195 is divided by 1115.
1110
Calculate the remainder when 53899 is divided by 2448.
43
Calculate the remainder when 303066 is divided by 19.
16
What is the remainder when 5740 is divided by 5735?
5
Calculate the remainder when 1368 is divided by 452.
12
Calculate the remainder when 376358 is divided by 35.
3
What is the remainder when 120 is divided by 3?
0
What is the remainder when 810 is divided by 234?
108
Calculate the remainder when 21121 is divided by 556.
549
What is the remainder when 285195 is divided by 63?
57
Calculate the remainder when 295317 is divided by 276.
273
What is the remainder when 44925 is divided by 22451?
23
Calculate the remainder when 3822 is divided by 418.
60
What is the remainder when 5573 is divided by 39?
35
Calculate the remainder when 30425 is divided by 2376.
1913
What is the remainder when 57467 is divided by 209?
201
What is the remainder when 17384 is divided by 9?
5
What is the remainder when 9448 is divided by 45?
43
What is the remainder when 188061 is divided by 137?
97
Calculate the remainder when 88935 is divided by 49.
0
What is the remainder when 27675 is divided by 13826?
23
What is the remainder when 6723 is divided by 113?
56
What is the remainder when 859 is divided by 636?
223
Calculate the remainder when 135418 is divided by 60.
58
What is the remainder when 13176 is divided by 2128?
408
Calculate the remainder when 3056 is divided by 230.
66
What is the remainder when 41014 is divided by 121?
116
What is the remainder when 80 is divided by 22?
14
What is the remainder when 17626 is divided by 69?
31
What is the remainder when 1942172 is divided by 13?
11
What is the remainder when 21480 is divided by 1952?
8
What is the remainder when 4624 is divided by 909?
79
What is the remainder when 1256 is divided by 1250?
6
Calculate the remainder when 3703 is divided by 59.
45
What is the remainder when 20629 is divided by 5?
4
What is the remainder when 7786 is divided by 2422?
520
Calculate the remainder when 5950 is divided by 48.
46
What is the remainder when 551 is divided by 67?
15
What is the remainder when 89890 is divided by 2192?
18
Calculate the remainder when 21909 is divided by 3415.
1419
What is the remainder when 9638 is divided by 2379?
122
What is the remainder when 69119 is divided by 72?
71
What is the remainder when 9443 is divided by 9330?
113
Calculate the remainder when 176547 is divided by 321.
318
What is the remainder when 15279 is divided by 9?
6
What is the remainder when 2117 is divided by 229?
56
What is the remainder when 1530419 is divided by 14?
9
Calculate the remainder when 7099 is divided by 1415.
24
What is the remainder when 4885 is divided by 606?
37
What is the remainder when 205323 is divided by 671?
668
Calculate the remainder when 7971 is divided by 221.
15
What is the remainder when 1959 is divided by 651?
6
What is the remainder when 73807 is divided by 127?
20
What is the remainder when 16462 is divided by 5483?
13
What is the remainder when 28662 is divided by 18?
6
What is the remainder when 248606 is divided by 3?
2
Calculate the remainder when 1441 is divided by 806.
635
Calculate the remainder when 156300 is divided by 2004.
1992
Calculate the remainder when 64 is divided by 20.
4
What is the remainder when 23958 is divided by 33?
0
What is the remainder when 57254 is divided by 818?
812
Calculate the remainder when 3188 is divided by 537.
503
Calculate the remainder when 69516 is divided by 1878.
30
What is the remainder when 311169 is divided by 31115?
19
Calculate the remainder when 629988 is divided by 956.
940
What is the remainder when 22515 is divided by 22?
9
Calculate the remainder when 38864 is divided by 492.
488
What is the remainder when 12098 is divided by 19?
14
Calculate the remainder when 10728 is divided by 669.
24
What is the remainder when 2993 is divided by 1490?
13
What is the remainder when 2514 is divided by 297?
138
What is the remainder when 222544 is divided by 39?
10
Calculate the remainder when 18529 is divided by 8958.
613
Calculate the remainder when 35254 is divided by 528.
406
Calculate the remainder when 78844 is divided by 224.
220
Calculate the remainder when 86930 is divided by 104.
90
Calculate the remainder when 9336 is divided by 48.
24
Calculate the remainder when 18047 is divided by 1063.
1039
What is the remainder when 121345 is divided by 2528?
1
Calculate the remainder when 2916 is divided by 357.
60
What is the remainder when 9414 is divided by 436?
258
What is the remainder when 1834 is divided by 74?
58
Calculate the remainder when 34479 is divided by 71.
44
What is the remainder when 10125 is divided by 4470?
1185
What is the remainder when 20073 is divided by 1807?
196
What is the remainder when 59778 is divi